ed by u?
3
What is the remainder when 305 is divided by (-3520)/(-60)*3/4?
41
Suppose -p + 5 - 3 = 0. Suppose -5*l + 186 = p*t, -3*l - 4*t + 0*t = -120. Let s = -24 + l. Calculate the remainder when 69 is divided by s.
9
Suppose 3018586 + 11826988 = 388*c - 11964838. Calculate the remainder when c is divided by 33.
30
Let k(o) = -o**3 - 5*o**2 + 5*o - 3. Let u be k(-6). Let y(a) = -5*a - 107. Calculate the remainder when u/12 - (-609)/12 is divided by y(-24).
12
Let o be (-2 - (-16)/7) + (-120)/(-21). Suppose -504 = 2*z - o*z. Suppose -289 = -4*j - g - 43, 2*j = g + z. What is the remainder when j is divided by 22?
18
Suppose -4*t - 3*c - 487 = -9*t, -5*t + c + 489 = 0. Let g = t + -52. Suppose -84 = 3*d - 132. What is the remainder when g is divided by d?
14
Suppose 4*l + 26 = -2*n, -2*n - 2*n = 4*l + 32. Let j be -3 + (n - -9)*38. Suppose -9*k + 4*k + j = 0. What is the remainder when k is divided by 16?
13
Let i = 4028 - 3259. What is the remainder when i is divided by 20?
9
Let m be 22/77 + (-648)/14. Let i = m + 119. What is the remainder when i is divided by 25?
23
Let z(v) = -v. Let b be z(-3). Suppose b*l = -10 + 37. Suppose -3*t = h - l, 2*t - t - 73 = -5*h. Calculate the remainder when 25 is divided by h.
10
Suppose 0 = 2*w - 3*w - 3*k + 49, 3*w - 112 = -2*k. What is the remainder when w is divided by 19?
15
Suppose 2*i = -46*a + 48*a - 8882, -22207 = -5*a + 4*i. Calculate the remainder when a is divided by 19.
16
Let l(j) = -123*j + 644. Calculate the remainder when -1*2 + 90 + 5 - -2 is divided by l(5).
8
Let o = -9 + 18. Let s = -582 - -582. Let q(h) = h**3 - 7*h**2 + 79. Calculate the remainder when q(s) is divided by o.
7
Let p(l) = -26*l - 95. Suppose -b = 2*b - 78. What is the remainder when b is divided by p(-4)?
8
Suppose z - 5*v = 6*z - 990, 3*z - v = 570. What is the remainder when z is divided by 40?
32
Let o = -25124 - -25211. Calculate the remainder when 3996 is divided by o.
81
Let k(h) = 36*h + 1681. Calculate the remainder when k(-42) is divided by 43.
40
Let h(z) = -z**3 - 6*z**2 + 5. Let m be h(-6). Suppose 2*u + 132 = m*u. Suppose 17*l + 8 - 920 = -21*l. Calculate the remainder when u is divided by l.
20
Suppose -5*n - 2*m = -405, 2*n - 90 - 53 = 3*m. What is the remainder when 814 is divided by n?
24
Let q(u) = -u + 41. Let k be q(18). Suppose -k = -o - 3*w, 2*w - 8 = -2. What is the remainder when 38 is divided by o?
10
Let q(l) = 4*l. Let d = 75 + -63. Calculate the remainder when (-47)/(3*(-4)/d) is divided by q(3).
11
Suppose -1739*x - 146 = -1741*x + 2*g, -2*x + g + 138 = 0. Calculate the remainder when 34577 is divided by x.
62
Suppose 33 = 11*r - 11. What is the remainder when 14 is divided by ((-184)/138)/(r/(-21))?
0
Let w = 359 - 583. Let j = w + -907. Calculate the remainder when 98 is divided by j/(-45) - 2/15.
23
Suppose 0 = -68*b - 500 + 5192. Calculate the remainder when b is divided by 7.
6
Suppose 6*p - 392 = -p. Suppose -61*j + 28646 = 8394. Calculate the remainder when j is divided by p.
52
Let y = 446 + 671. Suppose 330 = 2*r + 3*i, -3*i + y = 5*r + 301. What is the remainder when r is divided by 21?
15
Let x = -183131 + 183152. Let b = -121 - -173. What is the remainder when b is divided by x?
10
Let h(o) = 78*o + 4656. Calculate the remainder when 665 is divided by h(-58).
5
Let w be 3/(-6)*11/((-44)/280). Suppose -3*g + w = -235. Let d = -63 + g. What is the remainder when d is divided by 10?
7
Let r = 3 - -4. Suppose 0 = -2995*g + 207*g + 262072. Calculate the remainder when g is divided by r.
3
Suppose -c - 29 = m, c = 4*m - 2*c + 151. Let b = m - -68. What is the remainder when b is divided by (-68)/(-85) - (344/(-10))/2?
16
Let q(y) = -1675 + y - 3*y + 1678. Calculate the remainder when q(-20) is divided by 5.
3
Suppose -2*d - 6 = 2*k, d - 5*k + 41 = 14. Suppose -12*b + 306 + 210 = 0. What is the remainder when b is divided by (-14)/49 + (-107)/d?
13
Let s = -74 + 587. Suppose -2*w = 5*x + 2*w + s, -3*x = -w + 318. Let g = x - -133. Calculate the remainder when 80 is divided by g.
24
Let w(y) = -4*y - 46. Let q be w(-11). Calculate the remainder when 336/3 - (-2 - -3) is divided by 276/10 - q/5.
27
Let y be (0 - (-4)/2)/(4/6). Suppose 5*x + 41 = m, 4*m - 87 = m + y*x. Calculate the remainder when m is divided by (5/4)/(2/8).
1
Let a(n) = -4*n**3 + n**2 - 16*n - 52. Calculate the remainder when a(-4) is divided by 48.
44
Let q be 2/4 - 647/(-2). Let t = 510 - 515. What is the remainder when 51 is divided by (t + 0)*q/(-90)?
15
Suppose k = -1 + 25. Suppose -20*f = -k*f + 464. Suppose 0 = 5*l + b - 115, -14*l + 4*b + f = -10*l. What is the remainder when 41 is divided by l?
17
Let g = 16 - -42. Let u = 171 + -116. Suppose -y + u = 3*r + y, -2*r = -4*y - 10. Calculate the remainder when g is divided by r.
13
Let m(z) = z**2 + 7*z - 30. Suppose -2*l = -6*h + 9*h - 7, -5*h = 5*l - 5. Calculate the remainder when m(h) is divided by 11.
8
Let c be (-3122)/(-70) - 1/(-5)*2. Let v = -40 + c. Let a = v + 18. What is the remainder when a is divided by 13?
10
Suppose 0 = -j + 5*f + 2, 4*f + 14 = 3*j - 3. Let q(l) = 15*l - 2 - j + 4 - 2*l. Calculate the remainder when q(4) is divided by 13.
8
Calculate the remainder when 2176 is divided by (-39)/(25*7/(-1274) - (-6)/(-78)).
174
Let x(n) = -15*n + 3. Let s be x(1). Suppose v = q - v - 13, q + 5*v - 6 = 0. What is the remainder when (-18)/s*(-76)/(-6) is divided by q?
8
Suppose 0 = 12*l - 6*l - 138. Suppose o - l = -1. Calculate the remainder when 83 is divided by o.
17
Let x(f) = -2*f**2 - 56*f + 122. Let d be x(-30). Suppose d*m = 2*i - 132, 4*m + 78 = 4*i - 3*i. What is the remainder when 120 is divided by i?
58
Let c(v) = -2*v**3 - 4*v**2 - 5*v - 19. Let n be -5 + 4/6*6. Let r(g) = -44*g**3 - 2*g - 2. What is the remainder when r(n) is divided by c(-3)?
2
Suppose 2*r = -3*r + 400. Let j(l) = -2*l**3 + 8*l**2 - 4*l + 6. What is the remainder when r is divided by j(3)?
8
Let x = -1060 + 1056. Let m = 157 - 104. What is the remainder when m is divided by -1 - x/2 - (106 - 119)?
11
Let x = 43 - -5. Suppose 42*z - 3296 + 2631 = 7*z. Calculate the remainder when x is divided by z.
10
Let p(k) = 185*k - 5. Let n be p(-1). Let z = n - -89. Let l = z + 147. Calculate the remainder when l is divided by 12.
10
Let f(a) = -a**2 - 22*a - 86. Let u be f(-16). Suppose u*c = 6*c - 2*y + 386, -4*y - 74 = -c. Calculate the remainder when c is divided by 32.
30
Suppose -5*k + 56 = -3*k. Suppose -23639 = -99*o - 208*o. Suppose -k = -3*g + o. Calculate the remainder when g is divided by 9.
8
Let j(p) = 147*p**2 - 8*p + 12. Let v be j(3). Let i = -931 + v. Let r = i - 206. Calculate the remainder when r is divided by 16.
14
Suppose -4*a + 106 = -h + 2, 45 = a - 5*h. Let q = -43 + a. Let n = q - -29. Calculate the remainder when 75 is divided by n.
9
Let x = -5618 - -6538. Calculate the remainder when x is divided by 105.
80
Suppose -6*h + 7*h - 232 = -4*c, -3*h - 2*c = -706. Calculate the remainder when h is divided by 4.
0
Let i be 2 - (-53 - (2 + 2)). Let m = -43 + i. Suppose 8*o - 125 = 611. Calculate the remainder when o is divided by m.
12
Suppose 2*m = 7*m - 50. Let n be (m/12)/((-5)/(-30)). Suppose -48 = -n*h + 12. Calculate the remainder when 22 is divided by h.
10
Let q = -39 + 228. Suppose -180 = -d + 9*d - 26*d. Calculate the remainder when q is divided by d.
9
Let l(m) = 3*m - 10. Let i be l(2). Calculate the remainder when 145 is divided by -49*i/(-12)*-3.
47
Let x = -117 - -116. Calculate the remainder when 3/(87/203*(x - -2)) is divided by 2.
1
Calculate the remainder when 2172/5 + (-42)/105 is divided by 138.
20
Let d(u) = 142*u + 22728. Let j be 40/6 + (-2)/3. Suppose j*v - 2*c - 85 = 3*v, 61 = 2*v + 3*c. What is the remainder when v is divided by d(-160)?
5
Suppose u + 38 - 20 = 5*y, 14*y = 4*u + 30. Suppose 2*d + 10 = 74. Calculate the remainder when d is divided by u.
15
Suppose -36*c + 464 = 794 - 9510. Calculate the remainder when c is divided by 121.
13
Let h = 1958 + -377. What is the remainder when h is divided by 16?
13
Let q = 31 + -17. Suppose -5*f - 17*s = -16*s - 769, -5*s + 20 = 0. Calculate the remainder when f is divided by q.
13
Calculate the remainder when 283 is divided by 708/(-12 - -24) - (1 + -1 - -7).
23
Suppose -5*o + 2723 =